{"id":852,"date":"2015-05-12T21:32:05","date_gmt":"2015-05-12T19:32:05","guid":{"rendered":"http:\/\/www.waldfreibad.com\/?page_id=852"},"modified":"2026-04-20T15:06:08","modified_gmt":"2026-04-20T13:06:08","slug":"downloads","status":"publish","type":"page","link":"https:\/\/www.waldfreibad.com\/?page_id=852","title":{"rendered":"Downloads"},"content":{"rendered":"<p>Sie wollen gerne Mitglied werden und den Verein unterst\u00fctzen.<br>Hier finden Sie die Beitrittserkl\u00e4rung:<br>-&gt;&nbsp;<a href=\"https:\/\/www.waldfreibad.com\/wordpress\/wp-content\/uploads\/Beitrittserklaerung-2026.pdf\">Beitrittserkl\u00e4rung<\/a><\/p>\n<p>Sie m\u00f6chten gerne eine Spende machen und den Verein finanziell unterst\u00fctzen.<br>Hier finden Sie die Spendenanweisung:<br>-&gt;&nbsp;<a href=\"https:\/\/www.waldfreibad.com\/wordpress\/wp-content\/uploads\/Spende-2026.pdf\">Spendenanweisung<\/a><\/p>\n\n","protected":false},"excerpt":{"rendered":"<p>Sie wollen gerne Mitglied werden und den Verein unterst\u00fctzen.Hier finden Sie die Beitrittserkl\u00e4rung:-&gt;&nbsp;Beitrittserkl\u00e4rung Sie m\u00f6chten gerne eine Spende machen und den Verein finanziell unterst\u00fctzen.Hier finden Sie die Spendenanweisung:-&gt;&nbsp;Spendenanweisung<\/p>\n","protected":false},"author":1,"featured_media":0,"parent":0,"menu_order":0,"comment_status":"closed","ping_status":"closed","template":"","meta":{"ngg_post_thumbnail":0,"footnotes":""},"class_list":["post-852","page","type-page","status-publish","hentry"],"_links":{"self":[{"href":"https:\/\/www.waldfreibad.com\/index.php?rest_route=\/wp\/v2\/pages\/852","targetHints":{"allow":["GET"]}}],"collection":[{"href":"https:\/\/www.waldfreibad.com\/index.php?rest_route=\/wp\/v2\/pages"}],"about":[{"href":"https:\/\/www.waldfreibad.com\/index.php?rest_route=\/wp\/v2\/types\/page"}],"author":[{"embeddable":true,"href":"https:\/\/www.waldfreibad.com\/index.php?rest_route=\/wp\/v2\/users\/1"}],"replies":[{"embeddable":true,"href":"https:\/\/www.waldfreibad.com\/index.php?rest_route=%2Fwp%2Fv2%2Fcomments&post=852"}],"version-history":[{"count":9,"href":"https:\/\/www.waldfreibad.com\/index.php?rest_route=\/wp\/v2\/pages\/852\/revisions"}],"predecessor-version":[{"id":1981,"href":"https:\/\/www.waldfreibad.com\/index.php?rest_route=\/wp\/v2\/pages\/852\/revisions\/1981"}],"wp:attachment":[{"href":"https:\/\/www.waldfreibad.com\/index.php?rest_route=%2Fwp%2Fv2%2Fmedia&parent=852"}],"curies":[{"name":"wp","href":"https:\/\/api.w.org\/{rel}","templated":true}]}}